-7 + 12. Suppose n*p + 142 = -d + 4*d, 4*d - 166 = -5*p. Calculate the remainder when d is divided by 23.
21
Let p be (-48)/8*2/(-4). Suppose p*a - 11 = 16. What is the remainder when 26 is divided by a?
8
Suppose 4*y - 19 = 5*u, -2*y - 3*u - 4 = 3*y. What is the remainder when 38 is divided by -2 - ((-28)/2 - y)?
12
Let t(m) = 31*m**3 - 2*m**2 + 1. Suppose 5*x = -20 - 15. Let g(r) = r**2 + 5*r + 2. Calculate the remainder when t(1) is divided by g(x).
14
Suppose v + 5*d = 52, -4*v + 190 = -0*d + 2*d. Calculate the remainder when v is divided by 25.
22
Let r(k) = -6*k - 39. Calculate the remainder when 34 is divided by r(-8).
7
Let b be 2/(-7 + -1) + (-12)/16. Suppose -3*s + 0*s = 3*l - 27, 0 = -2*l - s + 19. Let k = l - b. Calculate the remainder when k is divided by 3.
2
Let x(r) = r**3 - r**2 - r + 3. Let u be x(0). Suppose 2*h - 25 + u = 0. What is the remainder when 31 is divided by h?
9
Suppose -w = k - 6*w + 13, 2*k - 5*w = -1. Let s(r) = -2*r**3 - 4*r**2 - 2*r - 3. Calculate the remainder when s(-3) is divided by k.
9
Let p be (4*-1)/(2/(-17)). Suppose 4*r = 5 + 19. Calculate the remainder when 1/(-2 - (-70)/p) is divided by r.
5
Suppose 3*v - 191 = -3*c + 7*v, -4*c + 2*v + 258 = 0. Calculate the remainder when c is divided by 17.
14
Calculate the remainder when (3/6)/((-3)/(-18)) is divided by 3.
0
Let f(g) = 11*g. Let a(x) = x**3 + 7*x**2 - 8*x + 7. What is the remainder when f(1) is divided by a(-8)?
4
Suppose -14 - 43 = -w. Let o be w/11 + 4/(-22). Suppose 0 = 6*l - l - o. What is the remainder when l is divided by 1?
0
Let q = 11 + -5. Calculate the remainder when (9/(-12))/((-5)/140) is divided by q.
3
Let h = 35 - 5. Suppose -3*p = -90 + h. Let d = 21 - 10. What is the remainder when p is divided by d?
9
What is the remainder when 15*(243/15)/3 is divided by 14?
11
Suppose -2*u = -0*u - 38. What is the remainder when u is divided by 7?
5
Let s = 46 - 24. What is the remainder when 65 is divided by s?
21
Calculate the remainder when 75 is divided by 2 + 24 - 0*2/(-4).
23
Suppose 2*s = 2*f + 12, 2*f = -3*s - 2*f + 39. Calculate the remainder when s is divided by 4 + 1*2/(-2).
0
Suppose i - 27 = 9. Suppose 0 = -3*f + 105 - i. Calculate the remainder when f is divided by 8.
7
Suppose -4*y - 5*s + 141 = 0, 5*y - 3*s = 103 + 64. Calculate the remainder when y is divided by 7.
6
Suppose 5*m = -0 + 125. Let g = 31 + -17. What is the remainder when m is divided by g?
11
Calculate the remainder when 20*(6/(-15) + 12/10) is divided by 6.
4
Suppose 0 = 9*z - 8*z - 13. Calculate the remainder when 141 is divided by z.
11
Let h = 56 - 30. Calculate the remainder when 40 is divided by h.
14
Suppose -42 = -3*t - 3*i, t = 3*i - 2 + 4. What is the remainder when 30 is divided by t?
8
Suppose 0*a = -5*a - 10. What is the remainder when 4/a - -1 - -38 is divided by (2 - 3)*-18 - -1?
18
Suppose 104 = d + 9. Suppose -5*t - 28 = 3*n - 128, 0 = -5*t - 2*n + d. What is the remainder when t is divided by 10?
7
Let v(g) = g**2 + 3*g - 17. Suppose -2*q + 27 = -b, 3*q - 5*b = 7*q - 47. Calculate the remainder when v(-8) is divided by q.
10
Let r = 6 - 2. Let h(w) = w**3 - 16*w**2 + 14*w + 21. What is the remainder when h(15) is divided by r?
2
Let i(x) = -x**2 + 11*x - 16. Calculate the remainder when 81 is divided by i(7).
9
Suppose -6*b = -2*b. Let y = b - -18. Suppose 11*o - 467 - 314 = 0. Calculate the remainder when o is divided by y.
17
Suppose 5 = t, -4*n - 3*t = -0*t - 99. What is the remainder when 80 is divided by n?
17
Let w = 7 + -4. What is the remainder when 11 is divided by w?
2
Let m(c) = c**2 - c. Let j be m(6). Suppose -3*q + 90 - j = 0. What is the remainder when 98 is divided by q?
18
Suppose 5*p = 5*u - 130, -79 = -5*u + p + 63. Suppose -3*a + u = -40. What is the remainder when a is divided by 6?
5
Suppose -b + 4*h + 3 = 21, -5*b = -2*h. Let q be 42/(-4)*(-10)/15. Let r = q - 5. What is the remainder when r is divided by b?
0
Let i be (-7)/(-3) + 8/12. Suppose -k = -i*k + 10. Calculate the remainder when 1/k*-8*-30 is divided by 25.
23
Let w be (-64)/10 + 18/45. Let l(c) = c**2 + 5*c + 2. Calculate the remainder when 23 is divided by l(w).
7
Suppose 14*t - 166 = 72. What is the remainder when t is divided by 9?
8
Suppose 16*d - 126 = 10*d. Calculate the remainder when d is divided by 11.
10
Suppose 5*n + 0*n - 110 = 0. Let u = n + -8. What is the remainder when 25 is divided by u?
11
Let d(n) be the second derivative of n**3/6 + 7*n**2 - n. What is the remainder when 40 is divided by d(0)?
12
Suppose -2*i + i = -3. Suppose 8 = 4*p - 2*l, i*p - 14 + 7 = l. Suppose -s + 0 = p, -y = 2*s - 8. Calculate the remainder when 27 is divided by y.
13
Suppose -5*l + 54 + 41 = 0. Calculate the remainder when 73 is divided by l.
16
Suppose 0 = b - 3*b + 16. Calculate the remainder when ((-52)/6)/((-34)/51) is divided by b.
5
Let y(k) = -6*k + 3. Let i be y(1). What is the remainder when 18 is divided by -4*i/36*21?
4
Let o = -2 + 4. Suppose -u + 44 = 3*w, -o*w - 165 = -4*u + 25. Calculate the remainder when u is divided by 16.
15
What is the remainder when 17 is divided by -3 - (-1 + -1) - -6?
2
Suppose 2*x + 54 = -s + 143, -s = -5*x + 240. Calculate the remainder when x is divided by 19.
9
Let f = 352 + -240. Suppose 5*o + z = 2*z + f, 0 = -4*o + 4*z + 80. What is the remainder when 44 is divided by o?
21
Suppose -q + z + 51 = 0, -2*z - 259 = -5*q + 2*z. Let y = -35 + q. Let k(a) = -a**3 + 5*a**2 + 2*a - 3. What is the remainder when y is divided by k(5)?
6
Suppose -5*m - 2*a - 19 + 86 = 0, -3*a = -m + 10. Calculate the remainder when 51 is divided by m.
12
Let s(q) = q**2 - 5*q - 10. Calculate the remainder when s(13) is divided by 24.
22
Suppose q + 44 = x, 58 = 2*x + 3*q - 30. Calculate the remainder when 87 is divided by x.
43
What is the remainder when 22 is divided by (-2)/(-11) + 320/55?
4
Let c be (-1)/(-6) - 4808/48. Let o = c - -147. Calculate the remainder when o is divided by 12.
11
Suppose -14*x + 9*x + 880 = 0. Let r = x + -125. Calculate the remainder when r is divided by 13.
12
What is the remainder when 27 is divided by (-5 - -6 - -2) + 4/2?
2
Let y(r) = 2*r - 2. Let u = -7 + 10. Calculate the remainder when 10 is divided by y(u).
2
Let i = -19 - -31. Calculate the remainder when (1/(-2))/((-2)/92) is divided by i.
11
Suppose 5 - 1 = 2*a. Suppose a*z - 13 = -z - 4*p, 4 = 2*z + 5*p. What is the remainder when z is divided by 3?
1
Suppose -5*m + 363 = 5*j + 68, -2*m + 289 = 5*j. Calculate the remainder when j is divided by 20.
17
What is the remainder when 22 is divided by -3 - (3 + -2 + -16)?
10
Suppose 5*v = 5*k + 965, 0 = 2*k - 6. Suppose -v = -7*f + 3*f. Calculate the remainder when f is divided by 17.
15
Let m = -19 + 16. Let j = m + 23. What is the remainder when j is divided by 8?
4
Let a(k) = 62*k**2 + 3*k + 2. What is the remainder when a(-1) is divided by 16?
13
Let s be 10 + 0 - (0 - -2). Suppose -3*n + s*n - 25 = 0. Suppose -3*m - 4 = 5*i - 54, -n*m + 46 = 3*i. What is the remainder when 20 is divided by i?
6
Let h(s) = s**3 - s - 34. Let v be h(0). Let x = -12 - v. Calculate the remainder when x is divided by 12.
10
Let y(u) = u**3 + 5*u**2 + 2*u - 4. What is the remainder when y(-3) is divided by (-217)/(-42) + ((-1)/1)/6?
3
Suppose 0 = -5*o + 157 - 17. Let a be 18/(-4)*(1 + -11). Suppose -5*k = -2*k - a. What is the remainder when o is divided by k?
13
Let u be (5/(-2))/((-8)/(-16)). Let v(b) = b + 12. Calculate the remainder when 18 is divided by v(u).
4
Suppose 4*x - 79 = 25. What is the remainder when x is divided by 18/(-4)*2/(-1)?
8
Let k be ((-3843)/14)/(3/(-8)). Let c = -16 - -37. What is the remainder when k/8*(-4)/(-6) is divided by c?
19
Let r be 1*(-6 - 1)*1. Let d(f) = f**3 + 7*f**2 - 7*f - 3. What is the remainder when d(r) is divided by 16?
14
Suppose -m + 17 = 5*v, 2*m + 3 + 2 = 3*v. Let a = -20 + 21. What is the remainder when m is divided by a?
0
Let t(x) = -2*x - 10. Calculate the remainder when 15 is divided by t(-8).
3
Calculate the remainder when 1 + 3 + 47/1 is divided by 18.
15
Let t = 6 + -4. Let u(z) = -z**3 + 7 - 4*z**3 + z**t + 4*z**3. Calculate the remainder when 13 is divided by u(0).
6
Suppose 0 = -3*q - 1 + 16. Suppose -30 = -y - 0*y - q*g, -g + 2 = 0. What is the remainder when y is